prime number?
False
Is 25577 prime?
True
Is 6619 composite?
False
Is 496051 a composite number?
False
Is 91209 prime?
False
Is 25727 prime?
False
Is 7817 composite?
False
Is 107335 composite?
True
Is 5807 a composite number?
False
Is 10037 a prime number?
True
Is 1009097 a prime number?
True
Is 10909 a composite number?
False
Is 783949 a composite number?
True
Is 6997 composite?
False
Is 365669 prime?
True
Is 32459 composite?
True
Is 77383 prime?
True
Is 486503 composite?
False
Is 408599 composite?
True
Is 65749 a composite number?
True
Is 8663 prime?
True
Is 240083 composite?
True
Is 14669 composite?
False
Is 10727 composite?
True
Is 31469 a composite number?
False
Is 38523 prime?
False
Is 415594 composite?
True
Is 3163 a composite number?
False
Is 49571 a composite number?
True
Is 222329 composite?
False
Is 36169 a prime number?
False
Is 191703 a prime number?
False
Is 245849 a composite number?
False
Is 230837 a prime number?
False
Is 3061 a composite number?
False
Is 35671 a prime number?
True
Is 16493 a prime number?
True
Is 2360827 prime?
False
Is 517255 composite?
True
Is 1953767 prime?
True
Is 266797 prime?
True
Is 1329 composite?
True
Is 124513 a composite number?
False
Is 615661 a prime number?
True
Is 91417 prime?
False
Is 22367 a composite number?
False
Is 45665 composite?
True
Is 1203 prime?
False
Is 118705 composite?
True
Is 144083 a composite number?
True
Is 96891 prime?
False
Is 1511 prime?
True
Is 5497 prime?
False
Is 223165 composite?
True
Is 90107 composite?
False
Is 171827 prime?
True
Is 865043 a prime number?
True
Is 7069 prime?
True
Is 282019 prime?
True
Is 58477 a composite number?
False
Is 103451 prime?
True
Is 193243 a prime number?
True
Is 128487 a composite number?
True
Is 8287 a prime number?
True
Is 89753 a prime number?
True
Is 152962 a prime number?
False
Is 68959 a composite number?
True
Is 25882 prime?
False
Is 635 a prime number?
False
Is 79889 composite?
False
Is 8741 composite?
False
Is 46399 a prime number?
True
Is 112321 prime?
False
Is 120473 composite?
False
Is 183346 prime?
False
Is 400103 composite?
True
Is 155593 a composite number?
False
Is 88797 prime?
False
Is 18267 a prime number?
False
Is 1567607 prime?
True
Is 39041 composite?
False
Is 19207 a prime number?
True
Is 201523 composite?
True
Is 234401 a prime number?
False
Is 22367 a composite number?
False
Is 10211 a composite number?
False
Is 48281 composite?
False
Is 1352279 composite?
False
Is 195311 a prime number?
True
Is 17337 prime?
False
Is 572561 composite?
True
Is 7561 composite?
False
Is 33457 a prime number?
True
Is 8929 prime?
True
Is 150931 a prime number?
False
Is 81349 prime?
True
Is 2609 a prime number?
True
Is 7814 a composite number?
True
Is 1203 a composite number?
True
Is 92465 prime?
False
Is 8403 prime?
False
Is 9133 a prime number?
True
Is 8551 prime?
False
Is 12457 a prime number?
True
Is 2861 prime?
True
Is 6113 composite?
False
Is 2582281 composite?
True
Is 7177 a prime number?
True
Is 597473 composite?
False
Is 41159 prime?
False
Is 122021 prime?
True
Is 202133 a composite number?
True
Is 15131 prime?
True
Is 367 a prime number?
True
Is 115631 a composite number?
False
Is 1315 prime?
False
Is 522109 composite?
True
Is 79621 a composite number?
False
Is 529009 a composite number?
True
Is 28739 a prime number?
False
Is 9253 prime?
False
Is 7769 a prime number?
False
Is 115201 a composite number?
False
Is 4828049 prime?
True
Is 15815 prime?
False
Is 40343 composite?
False
Is 7235 a prime number?
False
Is 703 a prime number?
False
Is 39167 composite?
True
Is 52643 a composite number?
True
Is 294977 a composite number?
True
Is 13045 a prime number?
False
Is 9377 a prime number?
True
Is 700457 composite?
True
Is 11863 composite?
False
Is 233119 prime?
False
Is 8131 a composite number?
True
Is 118933 composite?
True
Is 135791 prime?
False
Is 263785 prime?
False
Is 704347 composite?
True
Is 699263 a composite number?
True
Is 121795 prime?
False
Is 66277 a prime number?
False
Is 373435 a prime number?
False
Is 568559 a composite number?
True
Is 63887 composite?
True
Is 317881 a prime number?
False
Is 57571 a prime number?
True
Is 1847 composite?
False
Is 719029 a composite number?
True
Is 194603 a composite number?
True
Is 185593 composite?
False
Is 257 a composite number?
False
Is 30669 a prime number?
False
Is 61319 composite?
True
Is 1143661 a prime number?
True
Is 32491 composite?
False
Is 32347 prime?
False
Is 99103 a prime number?
True
Is 4997 a prime number?
False
Is 325709 a prime number?
True
Is 198451 prime?
False
Is 24571 a prime number?
True
Is 52249 a composite number?
False
Is 2833 prime?
True
Is 24437 prime?
False
Is 754651 a composite number?
False
Is 1798061 prime?
False
Is 29239 a prime number?
False
Is 18617 a prime number?
True
Is 287731 composite?
False
Is 2591 a prime number?
True
Is 42683 a prime number?
True
Is 784009 a prime number?
True
Is 37459 prime?
False
Is 47327 prime?
False
Is 81839 a prime number?
True
Is 796517 composite?
False
Is 4835 a composite number?
True
Is 5905 composite?
True
Is 793151 a composite number?
True
Is 12959 a composite number?
False
Is 265 a composite number?
True
Is 87179 a prime number?
True
Is 1931 composite?
False
Is 19561 composite?
True
Is 82867 a prime number?
False
Is 84263 a composite number?
False
Is 1031213 a prime number?
False
Is 27205 a composite number?
True
Is 29591 composite?
True
Is 6761 a composite number?
False
Is 411634 prime?
False
Is 123973 composite?
False
Is 588023 composite?
True
Is 2203 composite?
False
Is 128213 prime?
True
Is 16561 prime?
True
Is 1285 a prime number?
False
Is 159721 a prime number?
True
Is 1230863 composite?
False
Is 2773 a prime number?
False
Is 22339 prime?
False
Is 322997 a prime number?
True
Is 27161 a composite number?
True
Is 4835 composite?
True
Is 123779 composite?
True
Is 2531 a prime number?
True
Is 8039 a prime number?
True
Is 104579 a prime number?
True
Is 521387 prime?
False
Is 3409603 a composite number?
False
Is 4507 composite?
False
Is 19641 a composite number?
True
Is 2729 a prime number?
True
Is 14803 prime?
False
Is 11201 prime?
False
Is 486071 prime?
True
Is 989623 prime?
True
Is 167182 composite?
True
Is 104569 a prime number?
False
Is 4045 composite?
True
Is 920921 prime?
True
Is 127781 a prime number?
True
Is 280138 a composite number?
True
Is 164129 composite?
True
Is 316493 a prime number?
True
Is 4559 a composite number?
True
Is 252907 a prime number?
False
Is 12953 a composite number?
False
Is 96353 a composite number?
False
Is 33691 a composite number?
True
Is 65249 prime?
False
Is 1837111 prime?
False
Is 12929 a composite number?
True
Is 167953 a composite number?
False
Is 17159 a composite number?
False
Is 29717 composite?
False
Is 5669 composite?
False
Is 2167 a prime number?
False
Is 41893 a composite number?
False
Is 411 prime?
False
Is 114667 a composite number?
True
Is 47935 prime?
False
Is 60017 a composite number?
False
Is 13027 prime?
False
Is 121453 a prime number?
True
Is 309797 a prime number?
True
Is 149087 a composite number?
False
Is 6311 a prime number?
True
Is 63277 composite?
False
Is 413381 composite?
True
Is 30017 a composite number?
True
Is 664397 a prime number?
False
Is 4177 composite?
False
Is 15905 prime?
False
Is 770207 a prime number?
True
Is 714061 composite?
False
Is 12989 a composite number?
True
Is 9637 composite?
True
Is 56099 prime?
True
Is 38939 composite?
True
Is 17455 a composite number?
True
Is 111143 a composite number?
False
Is 10417 composite?
True
Is 873331 prime?
True
Is 36221 a composite number?
True
Is 6739 a composite number?
True
Is 6337 composite?
False
Is 55163 a composite number?
False
Is 173861 a composite number?
False
Is 98117 a prime number?
False
Is 162497 composite?
True
Is 287783 a composite number?
False
Is 253717 a prime number?
True
Is 24953 prime?
True
Is 50035 a prime number?
False
Is 7373 prime?
False
Is 2317 a prime number?
False
Is 1288487 prime?
True
Is 57621 a prime number?
False
Is 125661 composite?
True
Is 1648181 prime?
True
Is 771 a prime number?
False
Is 289837 prime?
True
Is 22271 composite?
False
Is 11545 a composite number?
True
Is 11887 composite?
False
Is 696515 composite?
True
Is 48959 composite?
True
Is 25663 composite?
T